site?
False
Is 2873837686 a prime number?
False
Is 4313169409 composite?
True
Is 186250935121 a prime number?
True
Is 17435647 prime?
True
Is 4198824191 a prime number?
True
Is 9295290833 a composite number?
False
Is 25584274123 composite?
False
Is 117666158681 a prime number?
False
Is 1165946237 a prime number?
True
Is 18097509667 a prime number?
True
Is 224797921 prime?
True
Is 19644686981 a prime number?
False
Is 43683849815 prime?
False
Is 1691657753 composite?
False
Is 896957701 prime?
True
Is 8774192417 prime?
True
Is 1014829901 composite?
False
Is 77105863951 a composite number?
False
Is 4290604181 prime?
True
Is 52828771 prime?
True
Is 3542554117 prime?
False
Is 384598951 prime?
False
Is 7300820491 composite?
True
Is 31356290141 a composite number?
True
Is 120209951 a composite number?
True
Is 35835120089 prime?
True
Is 220330022233 a composite number?
False
Is 6262337 a prime number?
True
Is 120499037 prime?
True
Is 399165671 a prime number?
True
Is 1652786207 a prime number?
True
Is 1610837167 a prime number?
True
Is 530153369 a composite number?
False
Is 1953656977 prime?
False
Is 180262293161 prime?
False
Is 3262331803 prime?
False
Is 46207958347 composite?
True
Is 22616601311 composite?
False
Is 16670261723 a composite number?
True
Is 1827743459 composite?
True
Is 23348327579 a composite number?
False
Is 225026447 composite?
False
Is 229061887 prime?
False
Is 613951969 a prime number?
False
Is 765377539 a composite number?
False
Is 6565952777 a composite number?
False
Is 9019002953 composite?
False
Is 214465423 a prime number?
True
Is 1059861887 composite?
True
Is 3192827821 a prime number?
True
Is 17206303997 composite?
False
Is 14318943323 a composite number?
True
Is 4282549471 a prime number?
True
Is 5033859797 composite?
False
Is 21472866971 a composite number?
False
Is 9373430411 composite?
False
Is 114372005521 composite?
True
Is 16854862859 prime?
True
Is 2035550057 a composite number?
False
Is 5004414287 a composite number?
True
Is 24451594537 composite?
True
Is 7510469461 a composite number?
True
Is 77942300059 a composite number?
True
Is 9723693751 composite?
False
Is 7123497749 a composite number?
False
Is 28027032349 a prime number?
True
Is 217822349 composite?
False
Is 45289806083 composite?
True
Is 44506961677 a prime number?
True
Is 1136437343 a composite number?
False
Is 2133636319 a prime number?
True
Is 26393019473 a prime number?
True
Is 17993305318 composite?
True
Is 4474711961 prime?
True
Is 13282887011 a prime number?
True
Is 3192116506 a composite number?
True
Is 7082423263 a prime number?
False
Is 1552267537 prime?
False
Is 30880456903 prime?
False
Is 8788516241 composite?
False
Is 15016449191 a prime number?
True
Is 2612278297 prime?
False
Is 147498993029 a composite number?
False
Is 966031007 a composite number?
False
Is 12990758069 a prime number?
True
Is 14762238861 a prime number?
False
Is 7279003691 composite?
False
Is 1704677339 prime?
False
Is 27946938053 prime?
False
Is 6650669197 prime?
False
Is 1338007067 a composite number?
True
Is 2951865899 composite?
True
Is 3141361703 prime?
False
Is 11973500711 a prime number?
False
Is 3119719697 composite?
True
Is 110773673471 a composite number?
True
Is 21826755101 a prime number?
False
Is 5139194133 a composite number?
True
Is 4856479351 a composite number?
False
Is 325811471 a prime number?
True
Is 119689708009 a composite number?
False
Is 37189899181 prime?
True
Is 3647768413 prime?
True
Is 5734897097 a prime number?
True
Is 522613919 composite?
False
Is 13697946551 prime?
True
Is 785097941 a composite number?
False
Is 11514269 a prime number?
False
Is 395626993 prime?
True
Is 761377679 prime?
True
Is 727563679 prime?
False
Is 5398627303 prime?
False
Is 64730617993 a prime number?
False
Is 4055370941 composite?
True
Is 41443305199 prime?
True
Is 7641043621 composite?
False
Is 4836765601 a composite number?
False
Is 18370429901 composite?
True
Is 2426981953 a composite number?
True
Is 59998171879 composite?
True
Is 28519751 a composite number?
True
Is 10079400445 composite?
True
Is 2763026989 composite?
False
Is 1698880531 composite?
False
Is 21768816371 a composite number?
True
Is 28368079109 prime?
False
Is 12342788041 a composite number?
True
Is 73121741197 a prime number?
False
Is 81632775023 a prime number?
False
Is 1670535091 prime?
True
Is 22668177199 a composite number?
True
Is 12051034801 a prime number?
False
Is 1888822829 prime?
True
Is 2727775055 prime?
False
Is 12330111133 composite?
False
Is 5203342733 a prime number?
False
Is 513241789 prime?
False
Is 20474290477 composite?
False
Is 31397111 a composite number?
True
Is 1213732151 prime?
True
Is 7946128607 prime?
False
Is 2390446507 a prime number?
True
Is 5088632561 a prime number?
True
Is 10552231013 composite?
False
Is 5239479797 a prime number?
False
Is 382169239 a prime number?
False
Is 13853297 a prime number?
False
Is 18276192401 composite?
True
Is 3289503823 a composite number?
True
Is 8069538133 a prime number?
False
Is 1643070167 prime?
True
Is 1099229039 a composite number?
False
Is 13562312459 composite?
False
Is 3055468847 a prime number?
True
Is 73106958311 a prime number?
True
Is 729495017 a prime number?
True
Is 457272643 a prime number?
True
Is 7910189211 composite?
True
Is 64398968153 a composite number?
True
Is 5697691619 prime?
True
Is 545639609 a composite number?
False
Is 10674955 a prime number?
False
Is 426386287 a composite number?
True
Is 14865469039 prime?
True
Is 3204657449 composite?
True
Is 53055343207 a composite number?
False
Is 1693473011 a composite number?
False
Is 51639018439 a prime number?
False
Is 362251517 a composite number?
False
Is 34004754809 a composite number?
False
Is 20938354135 prime?
False
Is 12609630247 prime?
True
Is 13334555641 a prime number?
False
Is 10122237491 composite?
False
Is 7989060707 composite?
False
Is 1264245071 composite?
True
Is 2022431141 prime?
True
Is 118891818629 a prime number?
False
Is 17312561203 composite?
True
Is 114232913 a composite number?
False
Is 1680931139 composite?
True
Is 3389081879 a composite number?
False
Is 199476021567 composite?
True
Is 985063943 a prime number?
False
Is 1260006661 composite?
True
Is 1114370399 prime?
True
Is 11980965833 prime?
True
Is 3386398373 a prime number?
True
Is 249538903 a composite number?
True
Is 46952144333 composite?
True
Is 3352740649 a composite number?
True
Is 27537110831 prime?
True
Is 127674278533 prime?
False
Is 2355915341 composite?
True
Is 5541299627 a composite number?
False
Is 607139081 prime?
True
Is 5579227765 composite?
True
Is 2094911261 a composite number?
False
Is 6538551347 a composite number?
True
Is 228353700787 a prime number?
False
Is 2800261787 composite?
True
Is 2503633739 composite?
True
Is 3926229113 composite?
False
Is 117924497 a composite number?
True
Is 9326549621 prime?
True
Is 15349301599 prime?
False
Is 8407342849 composite?
True
Is 2669902373 a prime number?
False
Is 244929719 composite?
False
Is 33763907039 composite?
True
Is 12281656591 a composite number?
True
Is 508585733 composite?
False
Is 8746259465 prime?
False
Is 321323411 a composite number?
True
Is 3956262581 composite?
False
Is 615387707 a composite number?
True
Is 168716801949 prime?
False
Is 8843738623 a composite number?
True
Is 1037794057 a prime number?
False
Is 317039683 a composite number?
False
Is 5825977 composite?
True
Is 1502412971 composite?
True
Is 8600619451 a composite number?
True
Is 5968373299 prime?
False
Is 1017282911 prime?
True
Is 4471012765 a prime number?
False
Is 463104463 a composite number?
True
Is 858730247 a composite number?
False
Is 38198019733 a prime number?
True
Is 7744546631 prime?
True
Is 689264153 prime?
False
Is 15932638897 composite?
True
Is 211881409963 a prime number?
True
Is 29957315639 a prime number?
True
Is 6160557134 prime?
False
Is 954114059 composite?
False
Is 28198823 a prime number?
True
Is 345393941 a prime number?
True
Is 129601110469 a prime number?
False
Is 3542528134 a prime number?
False
Is 1889779681 a prime number?
True
Is 11862811 prime?
False
Is 541753561 a composite number?
False
Is 8915329135 a prime number?
False
Is 14294821265 composite?
True
Is 94501627019 a prime number?
True
Is 24334795487 a prime number?
